 the prime factors of 1307636454?
2, 3, 67, 3252827
List the prime factors of 612222458.
2, 163, 1877983
What are the prime factors of 7337295?
3, 5, 7, 23293
What are the prime factors of 45704832?
2, 3, 41, 2903
List the prime factors of 102261611.
23, 43, 103399
What are the prime factors of 3218783684?
2, 15559, 51719
What are the prime factors of 345949032?
2, 3, 11, 13, 100801
List the prime factors of 9663664.
2, 157, 3847
What are the prime factors of 3374834234?
2, 199, 313, 27091
List the prime factors of 5572682307.
3, 1531, 4993
List the prime factors of 32564369.
2879, 11311
List the prime factors of 595726063.
73, 8160631
List the prime factors of 1342768596.
2, 3, 13, 17, 31, 16333
What are the prime factors of 247223381?
37, 103, 64871
What are the prime factors of 84364142?
2, 19, 41, 173, 313
What are the prime factors of 663462740?
2, 5, 17, 181, 10781
What are the prime factors of 9086130847?
19, 1039, 460267
What are the prime factors of 47764476?
2, 3, 1326791
List the prime factors of 48350489.
11, 1511, 2909
What are the prime factors of 887375831?
1069, 830099
What are the prime factors of 3330092503?
281, 773, 15331
List the prime factors of 24682564.
2, 6170641
What are the prime factors of 1681196091?
3, 29, 59, 107, 3061
What are the prime factors of 3241806692?
2, 53, 61, 250681
List the prime factors of 252907047.
3, 47, 597889
List the prime factors of 424655640.
2, 3, 5, 1179599
What are the prime factors of 41064478?
2, 7, 13, 225629
What are the prime factors of 140314040?
2, 5, 157, 22343
List the prime factors of 1838278.
2, 13, 17, 4159
List the prime factors of 1703924956.
2, 59, 61, 118361
What are the prime factors of 116823898?
2, 17, 3435997
List the prime factors of 36051681.
3, 12017227
List the prime factors of 313635249.
3, 43, 810427
List the prime factors of 127350729.
3, 11, 1286371
List the prime factors of 77713105.
5, 53, 293257
List the prime factors of 207440450.
2, 5, 7, 23, 73, 353
What are the prime factors of 32586144?
2, 3, 17, 41, 487
What are the prime factors of 10952931?
3, 11, 331907
List the prime factors of 82731199.
5623, 14713
What are the prime factors of 1664939968?
2, 2657, 9791
List the prime factors of 523548206.
2, 261774103
What are the prime factors of 391889732?
2, 13, 23, 327667
List the prime factors of 3966233277.
3, 41, 569, 56671
List the prime factors of 316000608.
2, 3, 7, 11, 31, 197
What are the prime factors of 33042163?
7, 11, 429119
What are the prime factors of 234482857?
7, 19, 92791
List the prime factors of 2050070378.
2, 29, 1218829
What are the prime factors of 1561028358?
2, 3, 260171393
What are the prime factors of 107816341?
23, 61, 76847
List the prime factors of 400696051.
7, 37, 73, 21193
List the prime factors of 97561702.
2, 7, 6968693
List the prime factors of 351436402.
2, 193, 910457
What are the prime factors of 127040683?
7, 11, 3061
What are the prime factors of 761318453?
7, 137, 793867
What are the prime factors of 47000679?
3, 11, 1424263
What are the prime factors of 6439636?
2, 7, 97, 2371
What are the prime factors of 49025129?
2437, 20117
What are the prime factors of 576375479?
409, 1409231
List the prime factors of 672969113.
19, 701, 50527
List the prime factors of 46885859.
4909, 9551
What are the prime factors of 1639126846?
2, 7, 19, 6162131
List the prime factors of 3295513727.
11, 299592157
List the prime factors of 6534187.
11, 283, 2099
List the prime factors of 83388171.
3, 31, 896647
List the prime factors of 2286521.
317, 7213
What are the prime factors of 124951499?
173, 523, 1381
List the prime factors of 1572390667.
1572390667
List the prime factors of 718480242.
2, 3, 31, 131, 9829
List the prime factors of 349271572.
2, 13, 6716761
List the prime factors of 921184883.
73, 163, 77417
What are the prime factors of 390804033?
3, 53, 691, 3557
What are the prime factors of 4875998038?
2, 17, 10333, 13879
List the prime factors of 410454080.
2, 5, 211, 6079
What are the prime factors of 82571627?
1409, 58603
What are the prime factors of 119416971?
3, 39805657
List the prime factors of 58612961.
11, 5328451
What are the prime factors of 851515994?
2, 7, 251, 443, 547
What are the prime factors of 2361716613?
3, 23, 79, 139, 1039
List the prime factors of 458699641.
29, 15817229
What are the prime factors of 2365750246?
2, 71, 349, 47737
What are the prime factors of 886492096?
2, 7, 587, 3371
What are the prime factors of 11833657?
11, 1075787
What are the prime factors of 2212691539?
73, 193, 157051
List the prime factors of 52028828.
2, 53, 245419
List the prime factors of 187486658.
2, 93743329
What are the prime factors of 1760179278?
2, 3, 11, 13, 61, 199
What are the prime factors of 35391343?
13, 67, 179, 227
List the prime factors of 65682549.
3, 23, 105769
What are the prime factors of 109142822?
2, 17, 37, 101, 859
What are the prime factors of 351493613?
23, 73, 209347
List the prime factors of 3076797847.
3076797847
List the prime factors of 35903886.
2, 3, 397, 15073
What are the prime factors of 374500518?
2, 3, 7, 8916679
What are the prime factors of 3359775422?
2, 41, 503, 81457
List the prime factors of 1044299817.
3, 11, 17, 18803
List the prime factors of 10651920.
2, 3, 5, 44383
What are the prime factors of 333857432?
2, 41732179
List the prime factors of 65147453.
7, 9306779
What are the prime factors of 210928731?
3, 13, 97, 4289
List the prime factors of 42517902.
2, 3, 7, 41, 24691
List the prime factors of 2793724470.
2, 3, 5, 19, 1633757
List the prime factors of 307401937.
307401937
List the prime factors of 1964014089.
3, 654671363
List the prime factors of 4318306946.
2, 2159153473
What are the prime factors of 20498318?
2, 61, 401, 419
What are the prime factors of 628390482?
2, 3, 17, 883, 6977
List the prime factors of 2182017570.
2, 3, 5, 19, 113, 1783
What are the prime factors of 474108231?
3, 158036077
List the prime factors of 81439725.
3, 5, 1085863
What are the prime factors of 528845726?
2, 73, 3622231
What are the prime factors of 114043757?
19, 53, 109, 1039
What are the prime factors of 117129358?
2, 47, 1246057
List the prime factors of 1764763790.
2, 5, 53, 3329743
What are the prime factors of 2052085979?
2052085979
List the prime factors of 821970644.
2, 11, 3947, 4733
What are the prime factors of 480113770?
2, 5, 48011377
List the prime factors of 266539067.
53, 163, 30853
What are the prime factors of 35581334?
2, 293, 60719
List the prime factors of 3249766648.
2, 17, 89, 268487
What are the prime factors of 1101345512?
2, 53, 2597513
What are the prime factors of 100392084?
2, 3, 13, 29, 569
What are the prime factors of 191823351?
3, 63941117
What are the prime factors of 34779279?
3, 71, 269, 607
List the prime factors of 830970188.
2, 207742547
List the prime factors of 6841332.
2, 3, 29, 6553
What are the prime factors of 322978023?
3, 607, 6569
List the prime factors of 4563508025.
5, 53, 569, 6053
What are the prime factors of 1814914?
2, 907457
List the prime factors of 5836328768.
2, 43, 131, 16189
List the prime factors of 84137548.
2, 11, 19, 5297
List the prime factors of 2089149360.
2, 3, 5, 2671, 3259
List the prime factors of 25113119.
25113119
List the prime factors of 2667561650.
2, 5, 13, 4103941
List the prime factors of 65263743.
3, 1297, 5591
What are the prime factors of 19473789?
3, 17, 271, 1409
List the prime factors of 76703788.
2, 7, 2739421
What are the prime factors of 660653888?
2, 10322717
What are the prime factors of 54699286?
2, 53, 181, 2851
List the prime factors of 62752809.
3, 7, 23, 173, 751
List the prime factors of 294232852.
2, 281, 261773
What are the prime factors of 398508189?
3, 23, 5775481
List the prime factors of 124603106.
2, 53, 367, 3203
What are the prime factors of 26387657?
673, 39209
What are the prime factors of 179360985?
3, 5, 149, 80251
List the prime factors of 59705435.
5, 79, 151153
What are the prime factors of 309980686?
2, 17, 163, 55933
List the prime factors of 159392731.
17, 31, 151, 2003
List the prime factors of 414154877.
414154877
List the prime factors of 126579287.
29, 1051, 4153
List the prime factors of 398763606.
2, 3, 1847, 35983
List the prime factors of 356546052.
2, 3, 53, 1868